*2 - 8*n - 7. Let r be m(-7). Suppose r = 5*w + 13 - 253. What is the tens digit of w?
4
Let y = -219 - -378. What is the tens digit of y?
5
What is the tens digit of ((-33)/6)/(3/(-6))?
1
Let t(p) = -3*p + 1. Let y be t(-1). Let a be y/(-3 + (7 - 2)). Suppose -3*m + a*m - 2*w + 26 = 0, 46 = 2*m + w. What is the tens digit of m?
2
Suppose -14*s - 395 = -1963. What is the hundreds digit of s?
1
Let z(m) be the first derivative of m**3 + m**2/2 + 5*m + 7. What is the tens digit of z(3)?
3
Let b = -247 - -508. What is the hundreds digit of b?
2
Suppose m = 11 - 47. Let z be 0 - (0 + 1) - m. Suppose z = 6*v - v. What is the units digit of v?
7
Let s(k) be the first derivative of 5*k**3/3 - k**2 + k - 3. Suppose 4*a = -3 + 7. What is the units digit of s(a)?
4
Let u = 63 + 49. What is the tens digit of u?
1
Let l be (0 + 0)*(-12)/24. Let s = 21 - l. What is the units digit of s?
1
Let k(a) = -11*a**2 - a. Let u be k(-2). Let l = -18 - u. What is the units digit of -20*(l/15 - 2)?
8
Let z = 11 - 6. Suppose z = 3*y + q, -y - 3*y + 10 = 3*q. What is the units digit of y?
1
Let y = 115 - 28. What is the tens digit of y?
8
Let a be ((-4)/(-5))/((-4)/(-100)). Let t = 29 - a. What is the units digit of t?
9
Let k = 27 + 4. Suppose 0 = 2*c - c - k. What is the units digit of c?
1
Suppose 3*o = 4*a, o = -a - 3*a - 16. Let d be (3/6)/((-2)/o). Suppose -m = d - 4. What is the units digit of m?
3
Let q = 214 + -81. What is the units digit of q?
3
Let c(u) be the third derivative of u**4/24 - u**3/3 - 3*u**2. What is the units digit of c(3)?
1
Suppose 10 = 5*s + 2*u - 4, 2*u = 2*s. Suppose -2*o = -o - 3, -2*z = -4*o + s. Suppose 5*n - 5 = z. What is the units digit of n?
2
Suppose -m - 28 = -4*l - 2*m, 0 = 2*m - 8. Suppose -24 = -l*g + 4*g. Suppose s + g = 30. What is the tens digit of s?
1
Let w be 4/(-2)*(-5)/10. What is the tens digit of 11 + (-2)/(1 + w)?
1
Let s = 17 - 5. What is the units digit of 4/(-6) - (-44)/s?
3
Suppose 0 = -2*q + 2*g + 600, 9*g - 5*g = -12. What is the tens digit of q?
9
Suppose 3*k - 2 + 40 = -2*a, 0 = -4*k - 5*a - 46. Let j = k + 29. What is the tens digit of j?
1
Let g(w) = 7*w**3 + 2*w**2 - 5 + 3 - 12*w**3 + 5*w. Let k(s) = 4*s**3 - s**2 - 4*s + 1. Let x(f) = 3*g(f) + 4*k(f). What is the tens digit of x(2)?
1
Suppose -2*x + 5*x = 36. What is the units digit of (x/10)/((-12)/(-40))?
4
Let r(c) = -26*c - 1. What is the tens digit of r(-7)?
8
Let c be (-155)/4 - 9/36. What is the tens digit of (-144)/2*26/c?
4
Let l = -202 - -526. What is the tens digit of l?
2
Let c(y) = 30*y - 38. What is the tens digit of c(5)?
1
Let s = 2 + 3. Let v(x) = -x**2 + 3*x**2 + 4*x**2 - 4*x - 4 - x**3. What is the units digit of v(s)?
1
Let z(f) = 3*f**2 - 12*f - 2. Let k(d) = d**2 - 6*d - 1. Let t(r) = -7*k(r) + 3*z(r). What is the units digit of t(-5)?
1
Suppose -2*l = 2*l. What is the units digit of 2 - 37/(-1) - l?
9
What is the units digit of (6 - 2)/(2/32)?
4
Let l(p) = -8*p - 16. What is the units digit of l(-7)?
0
Suppose 21 = 3*r - 2*o, 4*r - 2*r = -4*o + 30. What is the units digit of (0/(-1) - -1)*r?
9
Let h = 89 - -220. What is the units digit of h?
9
Let r(b) = 105*b**3 - b**2 + 2*b. What is the hundreds digit of r(1)?
1
Let w(a) be the second derivative of a**5/20 - 7*a**4/6 + 7*a**3/3 - 5*a**2/2 + 4*a. What is the units digit of w(13)?
8
Let h(r) = -r**3 - 2*r**2 - 3*r - 3. Let o be 2/1 + -4 + -1. Let a be h(o). Suppose -3*b - 2*b + a = 0, 4*k - 16 = -4*b. What is the units digit of k?
1
Let w = -12 - -15. Suppose w*b + 3*s = 39, 0 = -b + 4*b - 3*s - 63. What is the tens digit of b?
1
Suppose 0*z + 2*m + 33 = 5*z, 4*m = -3*z - 1. What is the tens digit of (-4)/z*(-45)/2?
1
Suppose -4*u - 5*d + 161 + 11 = 0, 0 = 3*u - 4*d - 129. What is the units digit of u?
3
Let o = 5 - 2. Let c be 3 + 3*1/o. Suppose c*m = 3*n + 31, -m - n + 5 = n. What is the units digit of m?
7
Suppose 0 = -4*x + 2*x + 22. Let k = 23 - x. What is the units digit of k?
2
Suppose 6*n - 3*n = -5*m + 745, -n + m + 235 = 0. Suppose -3*t - 3*g = -132, 5*t - n = g + 4*g. What is the tens digit of t?
4
Let k(d) = -3*d - 4. Let y be k(-4). Let o = 4 + y. What is the units digit of o?
2
What is the units digit of ((-15)/(-6) + -3)/(4/(-696))?
7
What is the units digit of -3 + 17 + (-5)/5?
3
Let q(r) = -4*r - 3*r**3 - 14*r**2 - 8 - 9*r + 5*r**3 - r**3. What is the tens digit of q(15)?
2
Suppose v + 54 = -2*v. Let d = v - -30. What is the units digit of d?
2
Suppose n + 2*f - 409 = -4*n, -f = 5*n - 407. What is the tens digit of n?
8
Suppose s = 5*t + 46, -5*t + 3 = 23. What is the units digit of s?
6
Let p(g) = -g**2 - 9*g + 6. What is the units digit of p(-9)?
6
Let t = -3 - -10. Let m(a) = -7 + 2*a + 2*a - 2*a. What is the units digit of m(t)?
7
What is the units digit of 80/(-6)*(-6 + 3)?
0
Suppose -5*v + o - 18 = 0, -2*v - o = -4*v - 9. Let d = 7 + v. Suppose n + 13 = d*w, -n + w + 2 = -0*n. What is the units digit of n?
7
Let v = 170 - -14. What is the hundreds digit of v?
1
Let j = 6 + -2. Suppose -j*y = -0*y - 140. What is the units digit of y?
5
Suppose 11*n - 16 = 7*n. What is the units digit of 78/n - (-2)/(-4)?
9
Let m(q) = 73*q - 1. Let l be m(-1). What is the units digit of l/(-10) - 16/40?
7
Suppose o = 2*i + 6, 0*o = o + 4*i + 6. What is the units digit of o?
2
Let z(b) be the third derivative of b**5/20 + b**4/12 - b**3/3 - 4*b**2. Let u be z(2). Suppose -u = 2*m - 3*m. What is the tens digit of m?
1
Let o be 62/10 + (-1)/5. Let q(f) = f**3 - 5*f**2 + 8*f - 5. Let s be q(5). Suppose -c = -o*c + s. What is the units digit of c?
7
Let t(c) be the third derivative of -c**4/24 + 2*c**3/3 - 2*c**2. Let a be 0 - -2 - (-3 + 2). What is the units digit of t(a)?
1
Suppose -101 - 43 = -3*m. What is the tens digit of m?
4
Let m(z) = -z + 7. Let h be m(7). Suppose 4*x + 4*q - 92 = h, x - 21 = -2*q + 5. What is the tens digit of x?
2
Suppose 0 = 4*i + 3*d + 21, 4*d - 2*d - 26 = 4*i. What is the units digit of (0 - (-2 + i)) + -2?
6
Let p be 8/(-10)*200/(-16). Let s = 25 - p. What is the tens digit of s?
1
Let y(a) = a. Let g be y(-4). Let w(h) = h**3 - 2*h**2 - h + 2. Let x be w(3). Let u = x + g. What is the units digit of u?
4
Let a(m) = 2*m**2 + 3*m. Let q be a(-2). Suppose 0*l = -q*l + 6. What is the units digit of (7/l)/((-1)/(-3))?
7
Let n(l) = -11*l + 2. Let c be n(-5). Suppose -4*g - c = -7*g. What is the tens digit of g?
1
Let g = 11 + -1. Let v(k) = -2*k - g + 4 + 0*k. What is the units digit of v(-4)?
2
What is the tens digit of (-1269)/(-15) + (-6)/(-15)?
8
Suppose -6*u - 2*f = -4*u - 52, -132 = -5*u - 4*f. What is the tens digit of u?
2
Let m = 192 - 81. What is the hundreds digit of m?
1
Let u(x) = x**3 - 8*x**2 + 3*x + 3. What is the units digit of u(8)?
7
Suppose -2*u - 7 = 1. Let r be 2/u*(0 + 0). Suppose r = -0*g - 2*g + 32. What is the units digit of g?
6
Let v(w) = -11*w - 14. Let t be v(-10). Let d = t + -68. What is the units digit of d?
8
Suppose z = 4*z. Suppose -3*i + z*i = 4*n - 16, 0 = -i - 4*n + 8. What is the units digit of 75/11 + i/22?
7
Suppose 20 = 3*d - 13. What is the units digit of d?
1
Suppose 0 = -6*h + 126 + 456. What is the units digit of h?
7
Let p = -139 + 244. What is the hundreds digit of p?
1
What is the tens digit of 5/((-30)/(-14))*6?
1
Let v = 135 - 48. What is the units digit of v?
7
What is the tens digit of (-697)/(-5) + (-40)/100?
3
Let o(n) = 10*n + 2*n**2 - 6*n - n**2. What is the tens digit of o(-7)?
2
Let v(k) be the second derivative of k**5/5 - k**4/12 - k**3/6 - k**2/2 - 3*k. What is the tens digit of v(2)?
2
Suppose 0 = 2*p - 5 - 1. Suppose p*q - 57 = -0*v + 2*v, 0 = -4*q - 2*v + 90. What is the tens digit of q?
2
Suppose -5*n = i - 68, n = -4*i + 3*n + 206. What is the tens digit of i?
5
Suppose -9*l + 235 = -4*l. What is the tens digit of l?
4
Suppose -4 = -2*v + v + a, 0 = -3*v + 2*a + 7. Let t be (0 + 0)/(v + 2). Suppose 4*p - 12 + 4 = t. What is the units digit of p?
2
Let z(d) = -d - 10. Let n be z(-10). What is the tens digit of 8*((-11)/(-2) - n)?
4
Let g be ((-14)/(-4))/7*-12. Let b be 0/(5 + g + 3). Suppose 0 = -o + h, -3*o + 0*o - 4*h + 28 = b. What is the units digit of o?
4
Suppose 2*r = -r. Suppose r = -2*j + 3*q + 5, 2*j - 5*q + 45 = 4*j. Suppose 0*v + j = v. What is the tens digit of v?
1
Suppos